7
Suppose w - 4 = a + 3*a, 4*w + 3*a = 16. List the prime factors of w/(-18) + (-58)/(-18).
3
Let y = -80 - -108. What are the prime factors of y?
2, 7
Suppose 0*l - 2*l + w = 7, l + 20 = -5*w. Let p(z) = z**3 + 6*z**2 + 5*z - 1. Let c be p(l). List the prime factors of (-20)/(-2 + 0 - c).
2, 5
Suppose -6*w + 0*w + 1500 = 0. What are the prime factors of w?
2, 5
Let j = 4 - 1. Suppose -2*i + j*i = -25. List the prime factors of ((-36)/(-30))/((-2)/i).
3, 5
Suppose 2*s + 3*t = -2*s - 145, 5*t - 87 = 3*s. Let y(w) = -3*w + 12. Let b be y(10). Let a = b - s. List the prime factors of a.
2
Let f = 4 + 2. Suppose -d = -f*d + 80. What are the prime factors of d?
2
Suppose -5*r + 58 = -27. Suppose -4*b + r = -19. List the prime factors of b.
3
Suppose -6*a + 10 = -26. List the prime factors of a.
2, 3
Let w(f) = -f**3 - 5*f**2 - 7*f + 20. What are the prime factors of w(-7)?
167
Let q be 1*(-19)/(-1) - 3. Suppose -4*y - 17 = -3*t, 0 = -5*t + 3*t - 10. Let x = q + y. What are the prime factors of x?
2
Suppose -4*v + 47 - 149 = -2*o, 63 = o + 2*v. List the prime factors of o.
3, 19
Let v(h) = 2*h**2 - 3. List the prime factors of v(4).
29
Suppose 3*n = n - 4*a - 10, -a = -3*n + 20. Let p(q) = q**3 - 4*q**2 - 4*q - 7. Let f be p(n). What are the prime factors of 3/(-6) + (-11)/f?
5
Let c be (-4)/14 - (-92)/28. Suppose c = -3*j + 15. Let x = 6 - j. What are the prime factors of x?
2
Let z(d) = d**2 - 14*d + 19. Suppose -8*k = -4*k - 52. List the prime factors of z(k).
2, 3
Let k(q) = q**2 + 5*q + 6. Let h = -12 - -8. List the prime factors of k(h).
2
Suppose 4*p + 4*f - 160 = -0*p, 2*p - 65 = f. What are the prime factors of p?
5, 7
Suppose -20 - 128 = -4*p. What are the prime factors of p?
37
Suppose 3*u - 15 = -2*u. Suppose -k = u*k - 12. What are the prime factors of k?
3
Let n(c) = -c**3 - 7*c**2 + c - 4. Let s(a) = a**3 + 8*a**2 - a + 4. Let k(g) = -4*n(g) - 3*s(g). Suppose 11 + 1 = -3*z. List the prime factors of k(z).
2
Let b = 11 - 32. What are the prime factors of (-14)/b - 122/(-6)?
3, 7
What are the prime factors of 1818/8 + (-18)/(-24)?
2, 3, 19
Let s = -1 + 5. Suppose -103 - 29 = -s*j. Suppose -3*l + 5*a + j = 0, 5*a = 5*l + 6*a - 27. List the prime factors of l.
2, 3
Let l(a) = a**2 - 2. Let f be l(2). Suppose g = 6*p - f*p + 4, 0 = -5*p. Suppose -m + 9 = g*k, 8 = -5*k + 3. List the prime factors of m.
13
Let m = -184 - -272. What are the prime factors of m?
2, 11
Let y be (-1)/(((-4)/(-2))/2). Let p be (-2 - -2) + (-2)/(-1). List the prime factors of ((-1)/p)/(y/4).
2
Suppose -4*s - 40 = s. List the prime factors of 131/7 + s/(-28).
19
Let t be ((-1)/(-2) + -1)*-64. Suppose -o - t = -5*o. Suppose 0*l + 2*l - o = 0. List the prime factors of l.
2
Suppose -2*d + 14 = -92. List the prime factors of d.
53
Let g = -247 + 81. Let r = -114 - g. List the prime factors of r.
2, 13
Suppose -6 = -c - c. Suppose -4*y - 4*v + 9 = y, -2*v + c = y. Let j(b) = 7*b. List the prime factors of j(y).
7
Let y(n) = 13*n - 1. List the prime factors of y(1).
2, 3
Let m(g) = 22*g**2 + g - 1. Let k be m(1). Let b = k + -2. List the prime factors of b.
2, 5
Let j(z) be the second derivative of -2*z**3/3 - z**2/2 - 2*z. Let t be j(-1). Suppose -19 = -5*l + t*u, -2*l + u = -3*l - 1. List the prime factors of l.
2
Suppose 0 = 3*a - 8*a + 315. Suppose -2*q = 3*q + 2*u - a, -3*q + 3*u + 42 = 0. List the prime factors of q.
13
Suppose p + p - 8 = 2*w, -2*p + w + 8 = 0. Suppose 2*m + 36 = p*m. List the prime factors of m.
2, 3
Let a be 0/(-12)*(-2)/(-8). Suppose j - 6*j = -10, 2*o + 2*j - 72 = a. What are the prime factors of o?
2, 17
Let s(t) = 8*t - 7. Let v(j) = -7*j + 6. Let k(f) = -6*s(f) - 7*v(f). Let w be k(1). What are the prime factors of (-2)/(1*(0 - w))?
2
Suppose 2*f + y + 2*y - 75 = 0, 5*y - 114 = -3*f. What are the prime factors of f?
3, 11
Suppose -3*g = 2*g - 540. What are the prime factors of g?
2, 3
Suppose 0 = -3*b - 1 + 7. Suppose 1 = -b*q - 5. List the prime factors of 2/q*57/(-2).
19
Let c = -8 + 13. Suppose 0*o = 2*s - 3*o - 59, -95 = -c*s - 3*o. Let v = s - 13. What are the prime factors of v?
3
Let f(k) = -24*k**3 - k. Suppose 18 = -2*z + 4*v, 3*z + 7*v = 2*v + 17. List the prime factors of f(z).
5
Let f = -5 + -1. Let q be (-3)/(-2)*(-40)/f. List the prime factors of (-1 + 15)*(q - 9).
2, 7
Let z = 30 + -27. What are the prime factors of z?
3
Suppose 5*m + 328 = 2*n - 0*m, 4*n + 5*m - 656 = 0. Suppose 0 = -2*j - 2*j + n. What are the prime factors of j?
41
Let u(z) = 8*z. Let f be u(5). Suppose -30 = 2*h - 4*h - 4*r, -3*h + f = r. List the prime factors of h.
13
Suppose -93 = -5*h + 2*h. List the prime factors of h.
31
Let v be (-1)/(-2) - 1/2. Let i(u) = -u + 2. Let s be i(v). Suppose -4 = s*t - 4*t. List the prime factors of t.
2
Let i(y) = -8*y + 1. Let g be (-3*1/(-3))/(-1). List the prime factors of i(g).
3
List the prime factors of ((-2)/(-4) - -2)*(1 - -5).
3, 5
Suppose -3*g + 87 = -0*g. List the prime factors of g.
29
Suppose -5*u + 0*u + 25 = 0. Suppose -4*f + 19 = u*b - 3*f, 4*b + 3*f = 13. Suppose b*q = -n + 27, 7*n - 45 = 2*n - 2*q. List the prime factors of n.
7
Let y be 1 + (3 - 2 - -59). Suppose 2*f + 3*d = 50, -d - y = -4*f + 11. Let k = f - 10. What are the prime factors of k?
3
Suppose 0 = -5*k - 0*k - 2*f + 419, -2*k = -4*f - 158. List the prime factors of k.
83
Suppose h = -h + 4*s + 24, 0 = -4*s - 12. Let l = h - 8. Let i = l + 4. List the prime factors of i.
2
Let i = 72 - -90. What are the prime factors of i?
2, 3
Suppose w - 295 + 59 = 0. List the prime factors of w.
2, 59
Let s be (-2)/(-4)*0/8. Suppose s = -0*h - 2*h + 58. What are the prime factors of h?
29
Let o(r) = r**3 - 10*r**2 - 3*r + 22. Let n be o(10). Let q(g) = 7 + 2*g - 5*g - 15. List the prime factors of q(n).
2
Let y(b) = -b**3 - 11*b**2 - 2*b - 14. What are the prime factors of y(-11)?
2
Suppose -3*v + 12 = -285. Let w = -68 + v. List the prime factors of w.
31
Let v(r) = r + r**3 + 2 + 6 - r**2 - 2*r - 2. List the prime factors of v(0).
2, 3
Let k(l) be the second derivative of 19*l**3/6 - l**2/2 + 4*l. List the prime factors of k(1).
2, 3
Let q be 175/4 - (-3)/12. Suppose -22 = -2*s - x, -x - q = -s - 3*s. Suppose -p - 3*d + s = -6*d, 0 = 3*p - d - 9. What are the prime factors of p?
2
Let f(x) = 6*x**2 + 9*x + 6. List the prime factors of f(-4).
2, 3, 11
Let i(w) = -w**3 + 4*w**2 + w - 3. Suppose -2*x + 2 + 2 = 0. Suppose x*q - 3*q + 3 = 0. What are the prime factors of i(q)?
3
Suppose -3*v + 22 + 6 = u, -2*u + 35 = -v. List the prime factors of u.
19
Let u = 62 + 5. List the prime factors of u.
67
Let w be (-5)/(2/4*-2). Suppose 3*p + 30 = w*p. List the prime factors of p.
3, 5
Suppose -4*s + 72 = 2*c, -3*c + 4*s = -0*c - 108. Suppose 3*x + x = c. Let f(i) = i**3 - 9*i**2 + i - 5. What are the prime factors of f(x)?
2
Let t = 256 - 179. What are the prime factors of t?
7, 11
Suppose 50 = 2*o - 38. Suppose -2*t - o = -6*t. List the prime factors of t.
11
Let r(m) = -m**3 - 5*m**2 - 2*m + 5. Let b be r(-4). Let v = 5 - b. Let n = -6 + v. What are the prime factors of n?
2
Let r(o) = -o**3 - 6*o**2 + 1. Let i be r(-6). Suppose k + 4 = i, 3*v = -3*k + 21. List the prime factors of 26/v - 4/(-10).
3
Let u(d) = 63*d**2 + d + 1. List the prime factors of u(-1).
3, 7
Suppose -13 = -5*w + n, n = -0*w - w - 1. Let p = w + 28. What are the prime factors of p?
2, 3, 5
Let j(o) = o**2 - 6*o - 9. Let r = 20 + -11. List the prime factors of j(r).
2, 3
Suppose -3*o + 0*o + 1044 = 0. What are the prime factors of o?
2, 3, 29
Suppose 2*q + 5*l - 5 = -q, l - 1 = -q. Suppose 2*p = 3*o - 51, q = -0*o - 2*o + 3*p + 39. What are the prime factors of o?
3, 5
Suppose -m + 4*m - 9 = 0. Let u(z) = -2*z**m + z**3 + 0*z**3 + 5*z**2 + 5. What are the prime factors of u(5)?
5
Let n = 6 - -7. Let m = 5 + n. What are the prime factors of m?
2, 3
Let h = -22 - -29. What are the prime factors of h?
7
Suppose -20 = -x - 4. Suppose 4*l + 3*z - 80 = -l, -l + x = -z. What are the prime factors of l?
2
Suppose 148 = -5*g + 443. What are the prime factors of g?
59
Suppose 0*u + 6 = 3*u. Suppose 4*b + 5*x = 13, 0 = 5*b - x - 36 - u. What are the prime factors of b?
7
Suppose 8*x - 9*x + 32 = 0. What are the prime factors of x?
2
Suppose f - 2 = -4*t + 18, -5*t = 3*f - 32. Let m = t + 2. Su